[INFO] fetching crate ads1x15 0.5.0...
[INFO] checking ads1x15-0.5.0 against master#af3c6e733a40e671550e0f0f5aeecaa13772ba56 for pr-74989
[INFO] extracting crate ads1x15 0.5.0 into /workspace/builds/worker-2/source
[INFO] validating manifest of crates.io crate ads1x15 0.5.0 on toolchain af3c6e733a40e671550e0f0f5aeecaa13772ba56
[INFO] running `Command { std: "/workspace/cargo-home/bin/cargo" "+af3c6e733a40e671550e0f0f5aeecaa13772ba56" "read-manifest" "--manifest-path" "Cargo.toml", kill_on_drop: false }`
[INFO] started tweaking crates.io crate ads1x15 0.5.0
[INFO] finished tweaking crates.io crate ads1x15 0.5.0
[INFO] tweaked toml for crates.io crate ads1x15 0.5.0 written to /workspace/builds/worker-2/source/Cargo.toml
[INFO] running `Command { std: "/workspace/cargo-home/bin/cargo" "+af3c6e733a40e671550e0f0f5aeecaa13772ba56" "generate-lockfile" "--manifest-path" "Cargo.toml" "-Zno-index-update", kill_on_drop: false }`
[INFO] [stderr]     Blocking waiting for file lock on package cache
[INFO] running `Command { std: "/workspace/cargo-home/bin/cargo" "+af3c6e733a40e671550e0f0f5aeecaa13772ba56" "fetch" "--locked" "--manifest-path" "Cargo.toml", kill_on_drop: false }`
[INFO] [stderr]     Blocking waiting for file lock on package cache
[INFO] running `Command { std: "docker" "create" "-v" "/var/lib/crater-agent-workspace/builds/worker-2/target:/opt/rustwide/target:rw,Z" "-v" "/var/lib/crater-agent-workspace/builds/worker-2/source:/opt/rustwide/workdir:ro,Z" "-v" "/var/lib/crater-agent-workspace/cargo-home:/opt/rustwide/cargo-home:ro,Z" "-v" "/var/lib/crater-agent-workspace/rustup-home:/opt/rustwide/rustup-home:ro,Z" "-e" "SOURCE_DIR=/opt/rustwide/workdir" "-e" "CARGO_TARGET_DIR=/opt/rustwide/target" "-e" "CARGO_HOME=/opt/rustwide/cargo-home" "-e" "RUSTUP_HOME=/opt/rustwide/rustup-home" "-w" "/opt/rustwide/workdir" "-m" "1610612736" "--user" "0:0" "--network" "none" "rustops/crates-build-env@sha256:d92eaeed33fa75130ca1ee6c8a01d1ffb62bac859dfdfb3450e3e5d1c0146529" "/opt/rustwide/cargo-home/bin/cargo" "+af3c6e733a40e671550e0f0f5aeecaa13772ba56" "metadata" "--no-deps" "--format-version=1", kill_on_drop: false }`
[INFO] [stdout] 1b30b799b80bb44729ed60b669cbd7ff808373f54eb93ab32993278ea6a8fe32
[INFO] [stderr] WARNING: Your kernel does not support swap limit capabilities or the cgroup is not mounted. Memory limited without swap.
[INFO] running `Command { std: "docker" "start" "-a" "1b30b799b80bb44729ed60b669cbd7ff808373f54eb93ab32993278ea6a8fe32", kill_on_drop: false }`
[INFO] running `Command { std: "docker" "inspect" "1b30b799b80bb44729ed60b669cbd7ff808373f54eb93ab32993278ea6a8fe32", kill_on_drop: false }`
[INFO] running `Command { std: "docker" "rm" "-f" "1b30b799b80bb44729ed60b669cbd7ff808373f54eb93ab32993278ea6a8fe32", kill_on_drop: false }`
[INFO] [stdout] 1b30b799b80bb44729ed60b669cbd7ff808373f54eb93ab32993278ea6a8fe32
[INFO] running `Command { std: "docker" "create" "-v" "/var/lib/crater-agent-workspace/builds/worker-2/target:/opt/rustwide/target:rw,Z" "-v" "/var/lib/crater-agent-workspace/builds/worker-2/source:/opt/rustwide/workdir:ro,Z" "-v" "/var/lib/crater-agent-workspace/cargo-home:/opt/rustwide/cargo-home:ro,Z" "-v" "/var/lib/crater-agent-workspace/rustup-home:/opt/rustwide/rustup-home:ro,Z" "-e" "SOURCE_DIR=/opt/rustwide/workdir" "-e" "CARGO_TARGET_DIR=/opt/rustwide/target" "-e" "CARGO_INCREMENTAL=0" "-e" "RUST_BACKTRACE=full" "-e" "RUSTFLAGS=--cap-lints=forbid" "-e" "CARGO_HOME=/opt/rustwide/cargo-home" "-e" "RUSTUP_HOME=/opt/rustwide/rustup-home" "-w" "/opt/rustwide/workdir" "-m" "1610612736" "--user" "0:0" "--network" "none" "rustops/crates-build-env@sha256:d92eaeed33fa75130ca1ee6c8a01d1ffb62bac859dfdfb3450e3e5d1c0146529" "/opt/rustwide/cargo-home/bin/cargo" "+af3c6e733a40e671550e0f0f5aeecaa13772ba56" "check" "--frozen" "--all" "--all-targets" "--message-format=json", kill_on_drop: false }`
[INFO] [stdout] 5809a205b553e608eb845b88ab7da5940be1f0e5c33aa0897931b2581976e29f
[INFO] [stderr] WARNING: Your kernel does not support swap limit capabilities or the cgroup is not mounted. Memory limited without swap.
[INFO] running `Command { std: "docker" "start" "-a" "5809a205b553e608eb845b88ab7da5940be1f0e5c33aa0897931b2581976e29f", kill_on_drop: false }`
[INFO] [stderr]    Compiling proc-macro2 v0.4.30
[INFO] [stderr]    Compiling unicode-xid v0.0.4
[INFO] [stderr]    Compiling nix v0.14.1
[INFO] [stderr]    Compiling quote v0.3.15
[INFO] [stderr]     Checking futures-await-await-macro v0.1.1
[INFO] [stderr]     Checking bytes v0.4.12
[INFO] [stderr]     Checking mio v0.6.22
[INFO] [stderr]     Checking crossbeam v0.7.3
[INFO] [stderr]     Checking tokio-threadpool v0.1.18
[INFO] [stderr]     Checking failure v0.1.8
[INFO] [stderr]     Checking qutex v0.2.3
[INFO] [stderr]    Compiling synom v0.11.3
[INFO] [stderr]    Compiling syn v0.11.11
[INFO] [stderr]     Checking tokio-io v0.1.13
[INFO] [stderr]     Checking mio-uds v0.6.8
[INFO] [stderr]    Compiling quote v0.6.13
[INFO] [stderr]    Compiling syn v0.14.9
[INFO] [stderr]     Checking tokio-reactor v0.1.12
[INFO] [stderr]     Checking tokio-codec v0.1.2
[INFO] [stderr]     Checking tokio-fs v0.1.7
[INFO] [stderr]     Checking tokio-tcp v0.1.4
[INFO] [stderr]     Checking tokio-uds v0.2.7
[INFO] [stderr]     Checking tokio-udp v0.1.6
[INFO] [stderr]     Checking tokio v0.1.22
[INFO] [stderr]    Compiling bitfield-register-macro v0.2.1
[INFO] [stderr]     Checking bitfield-register v0.2.1
[INFO] [stderr]     Checking i2cdev v0.4.4
[INFO] [stderr]    Compiling futures-await-async-macro v0.1.4
[INFO] [stderr]     Checking futures-await v0.1.1
[INFO] [stdout] error[E0557]: feature has been removed
[INFO] [stdout]   --> /opt/rustwide/cargo-home/registry/src/github.com-1ecc6299db9ec823/futures-await-0.1.1/src/lib.rs:17:12
[INFO] [stdout]    |
[INFO] [stdout] 17 | #![feature(on_unimplemented)]
[INFO] [stdout]    |            ^^^^^^^^^^^^^^^^ feature has been removed
[INFO] [stdout] 
[INFO] [stdout] 
[INFO] [stdout] error[E0658]: this is an internal attribute that will never be stable
[INFO] [stdout]   --> /opt/rustwide/cargo-home/registry/src/github.com-1ecc6299db9ec823/futures-await-0.1.1/src/lib.rs:64:5
[INFO] [stdout]    |
[INFO] [stdout] 64 | /     #[rustc_on_unimplemented = "async functions must return a `Result` or \
[INFO] [stdout] 65 | |                                 a typedef of `Result`"]
[INFO] [stdout]    | |_______________________________________________________^
[INFO] [stdout]    |
[INFO] [stdout]    = help: add `#![feature(rustc_attrs)]` to the crate attributes to enable
[INFO] [stdout] 
[INFO] [stdout] 
[INFO] [stdout] error[E0599]: no method named `resume` found for type parameter `T` in the current scope
[INFO] [stdout]    --> /opt/rustwide/cargo-home/registry/src/github.com-1ecc6299db9ec823/futures-await-0.1.1/src/lib.rs:120:35
[INFO] [stdout]     |
[INFO] [stdout] 120 |             match unsafe { self.0.resume() } {
[INFO] [stdout]     |                                   ^^^^^^ method not found in `T`
[INFO] [stdout] 
[INFO] [stdout] 
[INFO] [stdout] error[E0599]: no method named `resume` found for type parameter `T` in the current scope
[INFO] [stdout]    --> /opt/rustwide/cargo-home/registry/src/github.com-1ecc6299db9ec823/futures-await-0.1.1/src/lib.rs:140:37
[INFO] [stdout]     |
[INFO] [stdout] 140 |             match unsafe { self.gen.resume() } {
[INFO] [stdout]     |                                     ^^^^^^ method not found in `T`
[INFO] [stdout] 
[INFO] [stdout] 
[INFO] [stdout] error: aborting due to 4 previous errors
[INFO] [stdout] 
[INFO] [stdout] 
[INFO] [stdout] Some errors have detailed explanations: E0557, E0599, E0658.
[INFO] [stdout] 
[INFO] [stdout] For more information about an error, try `rustc --explain E0557`.
[INFO] [stdout] 
[INFO] [stderr] error: could not compile `futures-await`.
[INFO] [stderr] 
[INFO] [stderr] To learn more, run the command again with --verbose.
[INFO] running `Command { std: "docker" "inspect" "5809a205b553e608eb845b88ab7da5940be1f0e5c33aa0897931b2581976e29f", kill_on_drop: false }`
[INFO] running `Command { std: "docker" "rm" "-f" "5809a205b553e608eb845b88ab7da5940be1f0e5c33aa0897931b2581976e29f", kill_on_drop: false }`
[INFO] [stdout] 5809a205b553e608eb845b88ab7da5940be1f0e5c33aa0897931b2581976e29f
